{"id":2143,"date":"2025-08-20T22:45:14","date_gmt":"2025-08-20T20:45:14","guid":{"rendered":"https:\/\/met-pro2.pl\/?page_id=2143"},"modified":"2026-03-25T17:02:49","modified_gmt":"2026-03-25T16:02:49","slug":"dotacje-eu","status":"publish","type":"page","link":"https:\/\/met-pro2.pl\/pl\/dotacje-eu\/","title":{"rendered":"Dotacje EU"},"content":{"rendered":"\t\t<div data-elementor-type=\"wp-page\" data-elementor-id=\"2143\" class=\"elementor elementor-2143\" data-elementor-settings=\"[]\">\n\t\t\t\t\t\t\t<div class=\"elementor-section-wrap\">\n\t\t\t\t\t\t\t<section class=\"elementor-section elementor-top-section elementor-element elementor-element-7c494f8 elementor-section-boxed elementor-section-height-default elementor-section-height-default\" data-id=\"7c494f8\" data-element_type=\"section\">\n\t\t\t\t\t\t<div class=\"elementor-container elementor-column-gap-default\">\n\t\t\t\t\t<div class=\"elementor-column elementor-col-100 elementor-top-column elementor-element elementor-element-66c18c1\" data-id=\"66c18c1\" data-element_type=\"column\">\n\t\t\t<div class=\"elementor-widget-wrap elementor-element-populated\">\n\t\t\t\t\t\t\t\t<div class=\"elementor-element elementor-element-2a4ea06 elementor-widget elementor-widget-image\" data-id=\"2a4ea06\" data-element_type=\"widget\" data-widget_type=\"image.default\">\n\t\t\t\t<div class=\"elementor-widget-container\">\n\t\t\t\t\t\t\t\t\t\t\t\t\t\t\t\t<a href=\"https:\/\/mapadotacji.gov.pl\/projekty\/1752000\/\" target=\"_blank\">\n\t\t\t\t\t\t\t<img decoding=\"async\" src=\"https:\/\/met-pro2.pl\/wp-content\/uploads\/2026\/03\/MET-PRO-2-tablica.png\" title=\"MET PRO 2 tablica\" alt=\"MET PRO 2 tablica\" \/>\t\t\t\t\t\t\t\t<\/a>\n\t\t\t\t\t\t\t\t\t\t\t\t\t\t\t<\/div>\n\t\t\t\t<\/div>\n\t\t\t\t<div class=\"elementor-element elementor-element-91a35d7 elementor-widget elementor-widget-text-editor\" data-id=\"91a35d7\" data-element_type=\"widget\" data-widget_type=\"text-editor.default\">\n\t\t\t\t<div class=\"elementor-widget-container\">\n\t\t\t\t\t\t\t\t<p>Firma Met-Pro 2 Karolina Kobia\u0142ka uzyska\u0142a dotacj\u0119 z Unii Europejskiej na realizacj\u0119 projektu pn \u201ePodniesienie konkurencyjno\u015bci firmy MET-PRO 2 Karolina Kobia\u0142ka poprzez wdro\u017cenie na rynek innowacji procesowej, b\u0119d\u0105cej wynikiem w\u0142asnych prac B+R \u201d.<\/p><p>Projekt realizujemy, aby wzmocni\u0107 potencja\u0142 i wprowadzi\u0107 innowacyjne rozwi\u0105zania w przedsi\u0119biorstwie.<\/p><p>W projekcie zaplanowano zakup maszyn CNC do obr\u00f3bki skrawaniem (w technologii frezowania i toczenia), a tak\u017ce wsp\u00f3\u0142rz\u0119dno\u015bciowej maszyny pomiarowej. Wytypowane rodzaje maszyn i ich parametry s\u0105 wynikiem samodzielnie przeprowadzonych prac badawczo rozwojowych przez firm\u0119 MET-PRO 2 dotycz\u0105cych poprawienia jako\u015bci produkowanych detali. Efektem projektu oraz poczynionych inwestycji b\u0119dzie wdro\u017cenia zasadniczo zmienionego procesu produkcyjnego w dzia\u0142alno\u015bci Wnioskodawcy.<\/p><p>Z projektu korzysta\u0107 b\u0119d\u0105 pracownicy, kt\u00f3rzy uczestnicz\u0105 w procesach powstawania nowych produkt\u00f3w i osoby zarz\u0105dzaj\u0105ce innowacjami w przedsi\u0119biorstwie\u00a0Met-Pro 2 Karolina Kobia\u0142ka.<\/p><p>Docelowo z produkt\u00f3w,\u00a0kt\u00f3re zostan\u0105 wprowadzone na rynek, b\u0119d\u0105 mog\u0142y korzysta\u0107 kontrahenci oraz klienci indywidualni.<\/p><p>Efektem projektu oraz poczynionych inwestycji b\u0119dzie wdro\u017cenia zasadniczo zmienionego procesu produkcyjnego w dzia\u0142alno\u015bci Wnioskodawcy. Po pierwsze zostanie zwi\u0119kszona szybko\u015b\u0107 produkcji detali oraz zmniejszenie ilo\u015bci generowanych odpad\u00f3w w przypadku obr\u00f3bki frezowania oraz toczenia. Zmieniony proces b\u0119dzie umo\u017cliwia\u0142 osi\u0105gni\u0119cie wy\u017cszej jako\u015bci i efektywno\u015bci produkcji detali, co prze\u0142o\u017cy si\u0119 na wzrost konkurencyjno\u015bci przedsi\u0119biorstwa na tle konkurencji i wp\u0142ynie na zwi\u0119kszenie przychod\u00f3w i rentowno\u015bci firmy.<\/p><p>Warto\u015b\u0107 projektu 2 325 000,00 pln (netto),\u00a02\u00a0859\u00a0750,00\u00a0 pln (brutto).<\/p><p>Wysoko\u015b\u0107 wk\u0142adu z Funduszy Europejskich:\u00a01\u00a0397\u00a0500 ,00 pln.<\/p><p>Wi\u0119cej informacji na stronie dedykowanej projektowi:\u00a0<a href=\"https:\/\/met-pro2-dotacje.pl\/\" target=\"_blank\" rel=\"noopener\" data-saferedirecturl=\"https:\/\/www.google.com\/url?q=https:\/\/met-pro2-dotacje.pl\/&amp;source=gmail&amp;ust=1774540245509000&amp;usg=AOvVaw2AR5N7yg1bx9LaLuQNK90U\">https:\/\/met-pro2-dotacje.pl\/<\/a><\/p>\t\t\t\t\t\t<\/div>\n\t\t\t\t<\/div>\n\t\t\t\t\t<\/div>\n\t\t<\/div>\n\t\t\t\t\t\t\t<\/div>\n\t\t<\/section>\n\t\t\t\t\t\t<\/div>\n\t\t\t\t\t<\/div>\n\t\t","protected":false},"excerpt":{"rendered":"<p>Firma Met-Pro 2 Karolina Kobia\u0142ka uzyska\u0142a dotacj\u0119 z Unii Europejskiej na realizacj\u0119 projektu pn \u201ePodniesienie konkurencyjno\u015bci firmy MET-PRO 2 Karolina Kobia\u0142ka poprzez wdro\u017cenie na rynek innowacji procesowej, b\u0119d\u0105cej wynikiem w\u0142asnych prac B+R \u201d. Projekt realizujemy, aby wzmocni\u0107 potencja\u0142 i wprowadzi\u0107 innowacyjne rozwi\u0105zania w przedsi\u0119biorstwie. W projekcie zaplanowano zakup maszyn CNC do obr\u00f3bki skrawaniem (w technologii [&hellip;]<\/p>\n","protected":false},"author":1,"featured_media":0,"parent":0,"menu_order":0,"comment_status":"closed","ping_status":"closed","template":"","meta":[],"_links":{"self":[{"href":"https:\/\/met-pro2.pl\/pl\/wp-json\/wp\/v2\/pages\/2143"}],"collection":[{"href":"https:\/\/met-pro2.pl\/pl\/wp-json\/wp\/v2\/pages"}],"about":[{"href":"https:\/\/met-pro2.pl\/pl\/wp-json\/wp\/v2\/types\/page"}],"author":[{"embeddable":true,"href":"https:\/\/met-pro2.pl\/pl\/wp-json\/wp\/v2\/users\/1"}],"replies":[{"embeddable":true,"href":"https:\/\/met-pro2.pl\/pl\/wp-json\/wp\/v2\/comments?post=2143"}],"version-history":[{"count":19,"href":"https:\/\/met-pro2.pl\/pl\/wp-json\/wp\/v2\/pages\/2143\/revisions"}],"predecessor-version":[{"id":2192,"href":"https:\/\/met-pro2.pl\/pl\/wp-json\/wp\/v2\/pages\/2143\/revisions\/2192"}],"wp:attachment":[{"href":"https:\/\/met-pro2.pl\/pl\/wp-json\/wp\/v2\/media?parent=2143"}],"curies":[{"name":"wp","href":"https:\/\/api.w.org\/{rel}","templated":true}]}}

<div data-elementor-type="wp-page" data-elementor-id="2143" class="elementor elementor-2143" data-elementor-settings="[]">
							<div class="elementor-section-wrap">
							<section class="elementor-section elementor-top-section elementor-element elementor-element-7c494f8 elementor-section-boxed elementor-section-height-default elementor-section-height-default" data-id="7c494f8" data-element_type="section">
						<div class="elementor-container elementor-column-gap-default">
					<div class="elementor-column elementor-col-100 elementor-top-column elementor-element elementor-element-66c18c1" data-id="66c18c1" data-element_type="column">
			<div class="elementor-widget-wrap elementor-element-populated">
								<div class="elementor-element elementor-element-2a4ea06 elementor-widget elementor-widget-image" data-id="2a4ea06" data-element_type="widget" data-widget_type="image.default">
				<div class="elementor-widget-container">
																<a href="https://mapadotacji.gov.pl/projekty/1752000/" target="_blank">
							<img decoding="async" src="https://met-pro2.pl/wp-content/uploads/2026/03/MET-PRO-2-tablica.png" title="MET PRO 2 tablica" alt="MET PRO 2 tablica" />								</a>
															</div>
				</div>
				<div class="elementor-element elementor-element-91a35d7 elementor-widget elementor-widget-text-editor" data-id="91a35d7" data-element_type="widget" data-widget_type="text-editor.default">
				<div class="elementor-widget-container">
								<p>Firma Met-Pro 2 Karolina Kobiałka uzyskała dotację z Unii Europejskiej na realizację projektu pn „Podniesienie konkurencyjności firmy MET-PRO 2 Karolina Kobiałka poprzez wdrożenie na rynek innowacji procesowej, będącej wynikiem własnych prac B+R ”.</p><p>Projekt realizujemy, aby wzmocnić potencjał i wprowadzić innowacyjne rozwiązania w przedsiębiorstwie.</p><p>W projekcie zaplanowano zakup maszyn CNC do obróbki skrawaniem (w technologii frezowania i toczenia), a także współrzędnościowej maszyny pomiarowej. Wytypowane rodzaje maszyn i ich parametry są wynikiem samodzielnie przeprowadzonych prac badawczo rozwojowych przez firmę MET-PRO 2 dotyczących poprawienia jakości produkowanych detali. Efektem projektu oraz poczynionych inwestycji będzie wdrożenia zasadniczo zmienionego procesu produkcyjnego w działalności Wnioskodawcy.</p><p>Z projektu korzystać będą pracownicy, którzy uczestniczą w procesach powstawania nowych produktów i osoby zarządzające innowacjami w przedsiębiorstwie Met-Pro 2 Karolina Kobiałka.</p><p>Docelowo z produktów, które zostaną wprowadzone na rynek, będą mogły korzystać kontrahenci oraz klienci indywidualni.</p><p>Efektem projektu oraz poczynionych inwestycji będzie wdrożenia zasadniczo zmienionego procesu produkcyjnego w działalności Wnioskodawcy. Po pierwsze zostanie zwiększona szybkość produkcji detali oraz zmniejszenie ilości generowanych odpadów w przypadku obróbki frezowania oraz toczenia. Zmieniony proces będzie umożliwiał osiągnięcie wyższej jakości i efektywności produkcji detali, co przełoży się na wzrost konkurencyjności przedsiębiorstwa na tle konkurencji i wpłynie na zwiększenie przychodów i rentowności firmy.</p><p>Wartość projektu 2 325 000,00 pln (netto), 2 859 750,00  pln (brutto).</p><p>Wysokość wkładu z Funduszy Europejskich: 1 397 500 ,00 pln.</p><p>Więcej informacji na stronie dedykowanej projektowi: <a href="https://met-pro2-dotacje.pl/" target="_blank" rel="noopener" data-saferedirecturl="https://www.google.com/url?q=https://met-pro2-dotacje.pl/&amp;source=gmail&amp;ust=1774540245509000&amp;usg=AOvVaw2AR5N7yg1bx9LaLuQNK90U">https://met-pro2-dotacje.pl/</a></p>						</div>
				</div>
					</div>
		</div>
							</div>
		</section>
						</div>
					</div>

<p>Firma Met-Pro 2 Karolina Kobiałka uzyskała dotację z Unii Europejskiej na realizację projektu pn „Podniesienie konkurencyjności firmy MET-PRO 2 Karolina Kobiałka poprzez wdrożenie na rynek innowacji procesowej, będącej wynikiem własnych prac B+R ”. Projekt realizujemy, aby wzmocnić potencjał i wprowadzić innowacyjne rozwiązania w przedsiębiorstwie. W projekcie zaplanowano zakup maszyn CNC do obróbki skrawaniem (w technologii [&hellip;]</p>
